11*g + 116*g - a - 88989 = 0. What is the hundreds digit of g?
7
Suppose 2325 = 4*q + q. Let f = q - 299. What is the units digit of f?
6
Let k(r) = r**3 - 21*r**2 + 60*r + 729. What is the hundreds digit of k(31)?
1
Let a = -59929 + 103620. What is the tens digit of a?
9
What is the thousands digit of (688/(-16))/((-4)/196)?
2
Suppose -4*t + 3*x + 19405 = 0, -4*x + 9759 = 3*t - 4751. What is the units digit of t?
6
Suppose -5*d = -m - 11, 1 = 4*d - 7. Let u = 50 + -39. What is the units digit of u*9 + (m + -3 - -6)?
1
Suppose -2*f - 115 = j, -f + j - 62 = 6*j. Let z = 80 - f. Suppose -w + 62 = -r - 4*r, 2*w - z = -3*r. What is the tens digit of w?
6
Let h be (-2)/(-5) + 1*771/(-15). Let r = 367 - h. What is the hundreds digit of r?
4
Suppose -11*v - 36*v = -5*v - 175056. What is the hundreds digit of v?
1
Suppose 5*c - 3*t - 33505 = 0, -c + t = 6*t - 6701. What is the units digit of c?
1
Let c = -31 - -34. Suppose -22 = -4*i - 2*w, c*i - 5*w + 3 + 0 = 0. Suppose 196 = 2*k - 2*r, -66 = -2*k + i*r + 120. What is the units digit of k?
3
Let p(a) = -84*a + 12. Suppose 6*b - 24 = 12*b. What is the tens digit of p(b)?
4
Let w be 308*(-6)/(-48) - (-6)/4. What is the hundreds digit of (114/(-5))/((-2)/w)?
4
Let n = 339 + -180. Let q = n - 0. What is the tens digit of (q/(-6))/(2/(-8)) + -2?
0
Let l(b) = -b**2 + 162*b - 1305. What is the thousands digit of l(94)?
5
Let z = 440 - -2142. What is the thousands digit of z?
2
Suppose 3*o - i - 103051 = 0, -o + 34353 = -i - 2*i. Suppose 0 = 40*d - 15*d - o. What is the units digit of d?
4
Suppose u = k - 9212, 2873 = k + 5*u - 6351. What is the thousands digit of k?
9
Suppose -2 = -2*z, 5*z - 7345 = 10*j - 12*j. Let f = j + -2415. What is the tens digit of f?
5
Suppose 4*p + o = 49395, -53*p = -50*p + 4*o - 37069. What is the tens digit of p?
4
Let h(w) = -w**3 - 8*w**2 + 17*w - 10. Let z be h(-12). Let s be 15 + (1*-4 - (-3 + -2)). Suppose s*y = 3046 + z. What is the tens digit of y?
1
Let v = -23793 - -61208. What is the thousands digit of v?
7
Let u(z) = -z**3 - 12*z**2 - 15*z + 1. Let f be u(-11). What is the units digit of -155*-2*(-4 + f/10)?
5
Suppose -4371 - 1511 = -n. Suppose 23*g - 22649 = -n. What is the units digit of g?
9
Let p = 326 + -27. Let c = 859 - p. What is the tens digit of c?
6
Let x(m) = -2*m**3 - 31*m**2 - m + 127. What is the units digit of x(-23)?
5
Let k be -11*(-1)/(-2) - (-3)/2. Let u = 1 + k. What is the tens digit of 754/145*(-1 - u*2)?
2
Let c(b) = 387*b - 988. What is the units digit of c(11)?
9
Suppose -428 - 176 = -4*j. Suppose 39 = c + 3*f, 5*f - f - j = -5*c. Let n = 58 - c. What is the tens digit of n?
3
Let n(a) = 0*a**3 - 13*a**2 + 0*a - 2*a - a**3 + 10*a**2. Let l be n(-2). Suppose -35 = -j - l*j. What is the units digit of j?
5
Let u be (-42)/(-84)*0/2. Suppose -4*t - 1023 = 5*v - 6151, u = -3*t + 3*v + 3846. What is the thousands digit of t?
1
Suppose -113*w = -591736 - 49276 - 103997. What is the units digit of w?
3
Suppose 3*y = -4*h + 126801, y - 15*h = -18*h + 42277. What is the hundreds digit of y?
2
Let k(r) = r + 2. Let b be k(-14). Let t be 5 + (-3)/(b/2488). Let c = t - 413. What is the tens digit of c?
1
Let y = -17 - 41. Suppose 3*m + 75 = 405. Let k = m + y. What is the units digit of k?
2
Let j = -42581 - -62605. What is the units digit of j?
4
Let s(p) = 2*p + 17. Let f be s(-6). Suppose g - 4*z = -2*z - 8, -g - f*z + 20 = 0. Suppose -3*n + 150 - 3 = g. What is the tens digit of n?
4
Suppose 2*k - 6 = 0, -5*l - 2*k + 574 = -l. Suppose 68*s + l = 70*s. What is the units digit of s?
1
Let s = 43 + -80. Let b = s - -52. Suppose -b*q + 10*q = -340. What is the units digit of q?
8
Let t = 204 + -166. What is the tens digit of 4490/14 - t/(-133)?
2
Let h = -7002 - -10328. What is the thousands digit of h?
3
Let g(z) = -2*z**3 - 5*z**2 + 2*z + 12. Let q(k) = k**3 + 7*k**2 + 4*k - 13. Let w be q(-6). Let p be (-6)/(18/(-15))*w. What is the tens digit of g(p)?
2
Let h(l) = -l**2 + 313*l - 2041. What is the hundreds digit of h(100)?
2
Suppose 36*a - 63*a + 119907 = 0. What is the hundreds digit of a?
4
Let t = -5281 - -5853. What is the hundreds digit of t?
5
Let b(v) = v**3 + 3*v**2 + 5*v + 15. Let y be 0 + -2 + 2 - 3. Let u be b(y). Suppose -22*t + 26*t - 180 = u. What is the units digit of t?
5
Suppose 45 - 33 = -6*w. What is the tens digit of w/(1/730*-4)?
6
Let j(l) = -12*l**2 + 9*l**3 - 14 - 1 + 0 + 7*l + 3*l**2. What is the units digit of j(4)?
5
Suppose 34027 + 8741 = -24*y. Let f = -951 - y. What is the hundreds digit of f?
8
Let s = 122 - 118. Suppose -4*m + s*t + 399 + 533 = 0, 3*t = -2*m + 456. What is the hundreds digit of m?
2
Suppose 16*u - 24*u = -40. Suppose -3*g + 925 = u*q, q - 185 = -2*g - g. What is the tens digit of q?
8
Let u be (0 - -1)/((-20)/(-60)). Suppose 0 = u*k - 26 + 317. Let a = k + 236. What is the tens digit of a?
3
Suppose 0 = -5*i - i + 8340. Let q = i + -964. What is the tens digit of q?
2
Suppose -113*j + 19844 = 51*j. What is the hundreds digit of j?
1
Let i(u) = u**2 + 22*u + 167. What is the units digit of i(43)?
2
Let p = 60639 + -24372. What is the units digit of p?
7
Let q = 26 - 122. What is the tens digit of 4/3 - (-4)/(q/(-7288))?
0
Let y(p) = 4*p**3 - 28*p**2 - 9*p - 57. Let t(v) = 21*v**3 - 141*v**2 - 45*v - 285. Let h(j) = -2*t(j) + 11*y(j). What is the hundreds digit of h(15)?
7
Let b be 2 + 0 + (6/3)/2. Suppose 2*w + 3*f + 11 = 4, 22 = b*w - 2*f. Suppose 5*m = 0, -18 = -n - w*m + 11. What is the units digit of n?
9
Let r be (84/(-105))/((-2)/25). Suppose 4*g + 74 = u + 5*g, -5*g = -r. Suppose -90*j + 91*j = u. What is the units digit of j?
2
Let s(y) = 2*y**2 - 30*y + 162. Let t(a) = 3*a**2 - 31*a + 156. Let b(l) = -4*s(l) + 3*t(l). What is the tens digit of b(22)?
9
Let s be (-7 + (-1395)/(-4))*(7 + -3). Suppose 0 = 5*v - s - 2468. What is the tens digit of v?
6
Let v(j) = 194*j**3 + 0*j - 2*j + 48 + 44 - 91 + j**2. What is the hundreds digit of v(1)?
1
Suppose -3943*s - 72567 = -3954*s. What is the thousands digit of s?
6
Suppose -81*b + w = -86*b + 112111, 0 = -5*b + 4*w + 112106. What is the hundreds digit of b?
4
Suppose 23*c = 25*c - 3*w - 50248, -50232 = -2*c - 5*w. What is the tens digit of c?
2
Let s(o) = 2*o**2 - 161*o + 1499. What is the ten thousands digit of s(131)?
1
Let h = 5229 + -5223. Let a(d) = 53*d**2 + 8*d - 5. Let i be a(5). Suppose -2*x - h*x = -i. What is the tens digit of x?
7
Let g(z) = z**3 + 11*z**2 - z - 5. Let x = -43 - -44. Let v be (55/(-30))/(x/(-3))*-2. What is the units digit of g(v)?
6
Let w(r) = r**3 + 90*r**2 - 9*r + 819. What is the thousands digit of w(-89)?
9
Let h = -13 + 36. Let u = h + -13. Suppose 7*v = u*v - 219. What is the units digit of v?
3
Let s(i) be the first derivative of -i**4/2 + 2*i**3/3 - i**2/2 - 16*i + 24. Let r be s(-5). Suppose -7*a + 807 = r. What is the units digit of a?
4
Let s(z) = 4*z + 6. Let k be s(-12). Let o = 55 + k. Suppose o*j = -978 + 3084. What is the units digit of j?
2
Suppose -3 = -m - 3*z, 3*m + 3*z = 6*m + 3. Suppose -2*b = 5*i - m*i - 1529, b - 754 = i. What is the tens digit of b?
5
Let u = -8596 + 37418. What is the units digit of u?
2
Let t = 214 + -166. What is the hundreds digit of (-8)/(-2)*18492/t?
5
Suppose 7168 = 19*y - 5*y. Suppose -5*r + 5*j + 1250 = 0, -2*r + 5*j + y = -0*j. What is the tens digit of r?
4
Let c = 2374 - -16324. What is the thousands digit of c?
8
Let n = -12593 + 23784. What is the tens digit of n?
9
Let c = -65163 - -125819. What is the ten thousands digit of c?
6
Let q(p) be the first derivative of 4*p**3/3 - 11*p**2 + 2*p + 61. What is the hundreds digit of q(14)?
4
Let i = -980 - -982. What is the hundreds digit of ((-120)/(-150))/(i + (-6348)/3175)?
2
Let w(z) = 5*z + 179. Let v be w(-37). Let q(g) = -130*g + 130. What is the units digit of q(v)?
0
Let y be ((-4)/3)/(148/(-66267)). Suppose -s = 3*i - y, -2*s - s + 1731 = -3*i. What is the units digit of s?
2
Suppose 0 = 2*b + 5*b + 21. What is the hundreds digit of (373/(-3))/(1/b)?
3
Suppose h - 4 - 66 = 0. Suppose 1065*r - 1195*r = -30680. Suppose h + r = 3*f. What is the hundreds digit of f?
1
Let d(k) = -136*k**2 - 7*k - 9. Let l be d(-3). Let y = -439 - l. What is the hundreds digit of y?
7
Suppose -93 = -5*a - 0*a + 4*g, 4*a - 81 = g.